j and l.
18
Let a(w) = 3*w**2 - 25*w + 8. Let l be a(-6). Suppose u - 5*b - 133 = 0, -u - 4*b = u - l. What is the greatest common divisor of 19 and u?
19
Suppose -9*v - 100 = 422. Suppose -5*n + 517 + 13 = 0. Let b = v + n. Calculate the greatest common factor of 4 and b.
4
Let h(t) = 20 - 23 + 5 - 42*t. Let m be h(-1). Calculate the highest common factor of 11 and m.
11
Let r(d) = -d**3 + 17*d**2 + 13*d + 96. Let n be r(18). Suppose -n*v = -2*v - 20. What is the greatest common divisor of 4 and v?
1
Let q(l) = -l**3 + 101*l**2 - 190*l - 571. Let a be q(99). What is the greatest common factor of a and 7956?
221
Suppose 77*x - 267246 = -140*x + 70*x. Calculate the greatest common factor of x and 18.
18
Let b be 12/(-32) - 52/32. Let r(g) = 2*g + 3. Let f be r(b). Let s be 32 + (2 - 0) + f. What is the highest common factor of s and 3?
3
Suppose -3*p - 8*t + 468 = -12*t, -p - 2*t + 186 = 0. Calculate the greatest common factor of 45528 and p.
168
Let s be 8/(-28) + (-200)/35. Let w be (22*1/s)/((-1)/33). What is the greatest common factor of 11 and w?
11
Suppose -7*z - 18005 + 66676 = 0. Calculate the greatest common divisor of 17 and z.
17
Let a = -298 - -1228. Let t be (a/(-20))/31 - 106/(-4). Calculate the greatest common divisor of 25 and t.
25
Let g = -708 + 1396. What is the highest common divisor of g and 12?
4
Let l(z) = 3264*z + 3505. Let t be l(7). What is the highest common divisor of t and 73?
73
Suppose 2*k + 8 = 0, 20 = 2*f - 3*k - 82. Suppose x + 16 = 20. Suppose s + 3 = 0, 63 = -x*w + 3*s + 108. What is the greatest common divisor of f and w?
9
Let p(a) = 73*a + 157. Let d be p(-2). Suppose 1359 = d*k - 621. Calculate the greatest common factor of k and 135.
45
Suppose -5*d + 644 = -2*b - 230, -681 = -4*d - b. What is the highest common divisor of d and 344?
172
Suppose 5*a - 3342 = -q, -4*a - 18*q + 2675 = -17*q. Calculate the highest common factor of 1044 and a.
29
Let n be 5/2*(-374)/33*-9. Let g = n - 199. What is the greatest common divisor of g and 16?
8
Suppose 4*r - 37 = 5*z, 0*z - 1 = z. Suppose r*a - 3*a - 287 = q, -5*a + 293 = -4*q. Suppose -17 = n - a. What is the highest common factor of n and 160?
40
Let s be (16 - 14)*102/4. Let t = s + -88. Let g = -21 - t. What is the greatest common divisor of g and 64?
16
Suppose -6*a + 21*a = 3330. Suppose -4*m = -a - 146. What is the greatest common factor of 322 and m?
46
Suppose -1871 + 3047 = -3*m + 2*d + 12684, -5*d = 0. Calculate the highest common divisor of 28 and m.
28
Let t = 538 - 535. Let x be (t - (-940)/15) + 4/12. Calculate the greatest common divisor of 792 and x.
66
Let u be -28 - (2 + 2)*1. Let c = u + 48. Let o = -57 + 97. Calculate the greatest common divisor of c and o.
8
Let i(c) = c**3 - 37*c**2 + 38*c + 435. Let v be i(39). What is the highest common factor of 18 and v?
9
Suppose -5*y = -b + 156, 387 = 5*b + 5*y - 543. Let n = b - 165. Calculate the greatest common divisor of 124 and n.
4
Let p = 2637 + 3590. Calculate the greatest common factor of 13 and p.
13
Let u be ((-6)/(-4))/1*2. Suppose 4*t - o = 158, 3*t - 30 = -u*o + 96. Let d(z) = 24*z + 828. Let f be d(-32). What is the highest common divisor of t and f?
20
Let d = -159 - -222. Let n = d + -238. Let o = 256 + n. What is the greatest common factor of 54 and o?
27
Let r = -13749 + 14892. What is the highest common factor of r and 81?
9
Suppose 35 = -0*a + 5*a. Suppose 13*i - 40 = -7*i. Suppose -4*f + 48 = -q, 54 = 5*f + i*q + a. What is the greatest common factor of 88 and f?
11
Suppose 23878 = 131*k - 21317. Suppose 4*i + 225 = 9*i. Calculate the greatest common divisor of i and k.
15
Suppose 9*w - 316 - 116 = 0. Let k = w - 54. Let s be (18/(-2))/(1*6/k). What is the greatest common factor of 45 and s?
9
Suppose 0 = u - 4*u + 6. Let h be (-3)/6 + 15/u. Let w(z) = -39*z - 57. Let k be w(-2). Calculate the highest common factor of k and h.
7
Let j(w) = -w + 2. Let b be j(3). Suppose 145*t + 30 = 150*t. Let m be t*-1*(-256)/24 - b. Calculate the greatest common divisor of 26 and m.
13
Suppose 819 = 16*o - 2397. Let k be (3/2)/(7/14). Calculate the highest common factor of o and k.
3
Let z(k) = -3*k**3 + 148*k**2 - 78*k + 1520. Let w be z(49). Let q(n) = n + 165. Let o be q(0). What is the highest common divisor of w and o?
33
Let s = -21 - -40. Let o(z) = -z**3 - 27*z**2 - 23*z + 80. Let p be o(-26). What is the highest common divisor of s and p?
1
Let h = -280 - -292. Suppose -52 + h = -3*o - 5*i, o + 2*i - 13 = 0. What is the greatest common divisor of 6 and o?
3
Let f(r) = -r**3 + 10*r**2 + 8*r + 6. Let p be f(11). Let z = p + 27. Suppose z = 2*u - 7*u + 2200. Calculate the greatest common factor of u and 40.
40
Suppose 4*p - 3*p - 4 = 0. Let l be (-778)/(-14) + p/((-56)/(-6)). Suppose -36 - l = -4*k. Calculate the greatest common factor of k and 253.
23
Let u be 12/132 + 74905/55. What is the greatest common factor of 36 and u?
6
Suppose -d - 15*d = -816. Let p be (-3*1)/((-27)/387). Let q = p + -26. Calculate the highest common factor of q and d.
17
Let h(g) = 173*g + 4060. Let y be h(-21). What is the greatest common factor of y and 21?
7
Let o be 8/2 - (-35)/(-5). Let s be (8/o)/(2 + 125/(-60)). Suppose -2*i = 2*w - 24 + 4, 2*w + 5*i = s. What is the greatest common factor of w and 6?
6
Suppose 10*f - 131455 = -126625. What is the greatest common factor of f and 5037?
69
Suppose -14*l + 6*l - 112 = 0. Let x be (l/6 + 3)*3. Suppose -66 = -x*t + 54. Calculate the greatest common divisor of t and 12.
12
Suppose -434 = 17*j - 60. Let x be (j + 8)*(-1 - 5). What is the highest common divisor of x and 21?
21
Let c be -1*7*20/14*-1. Suppose c*w - 4481 = -681. Calculate the highest common divisor of 60 and w.
20
Suppose 0 = -13*y + 4594 + 2478. Suppose 6*a = 5*k + 2*a - y, 3*a - 572 = -5*k. What is the highest common divisor of k and 2?
2
Let i(y) = -863*y - 2926. Let j be i(-10). Calculate the greatest common divisor of j and 496.
248
Let j(z) = -332*z + 815. Let y be j(2). What is the greatest common divisor of 8758 and y?
151
Let y = -4259 - -4337. Calculate the highest common divisor of y and 276.
6
Let r(i) = -315*i + 662. Let p be r(-9). What is the highest common divisor of p and 39?
13
Let f = 268 + -224. Suppose i + 66 = 3*i. Calculate the greatest common divisor of f and i.
11
Let l = -132 + 150. Let m be (l/(-8))/(7/(-672)). What is the highest common factor of m and 72?
72
Suppose 0 = 3*q + 4*v - 7166, 4*q - 8007 = -v + 1526. What is the greatest common divisor of q and 18?
6
Suppose -397 + 210 = 16*y - 219. Calculate the highest common factor of 122 and y.
2
Suppose 0 = -3*v - 6*d + 468, -4*v + 546 = 48*d - 53*d. What is the highest common divisor of 1494 and v?
18
Suppose 2*s - 47 - 11 = -5*j, -j = -4*s + 138. Suppose 4*h - m = 73, 5*h = -5*m + s + 26. Calculate the greatest common divisor of 119 and h.
17
Let k(j) = 2*j**2 + 9*j + 13. Let r be k(-5). Let q(i) = 7 - 15*i - r + 0. Let b be q(-12). What is the greatest common factor of b and 13?
13
Suppose 18*n + 168 = 20*n. Suppose -5*b = x - 1191, -2*x = 4*b - 1038 + n. Calculate the highest common factor of b and 34.
34
Suppose 0 = -65*g + 23*g + 3360. Calculate the greatest common factor of g and 35120.
80
Let o(y) = -6*y**3 + 3*y**2 - 38*y - 135. Let h be o(-3). Suppose 5*v - 471 = -3*d, 0 = 2*v - 5*d - 198 - 9. Calculate the highest common divisor of h and v.
24
Let i = 122 + 123. Suppose 70 = 3*c - 2*c - 2*r, -3*c - r = -i. Calculate the highest common factor of c and 20.
20
Suppose -z + 4*a = -4*z - 128, -4*z - 3*a - 159 = 0. Let h be (-7 - 657/z)/((-6)/(-32)). Calculate the highest common divisor of h and 6.
6
Suppose -u + 2*j = -4, -2*u + 5 = -0*j - j. Let d be ((-94)/12 + (-6)/(-36))*-3. Suppose d*v = 18*v + 80. Calculate the greatest common factor of v and u.
2
Suppose 6*s = -879 + 2763. Suppose 4*g = 414 + s. What is the highest common divisor of g and 28?
14
Let g = -3 + 4. Suppose 6*m = 5*m. Let d be 40 + -7 + m/g. What is the highest common factor of 3 and d?
3
Suppose -x - 2*k = 770 + 28, 4*k - 810 = x. Let n = -162 - x. What is the highest common factor of n and 80?
80
Let m(c) = -6*c**3 + c**2 - 4*c - 1. Let f be m(2). Let s = f + 65. Suppose s*k - 300 = 7*k. What is the highest common divisor of k and 12?
12